 -c + m = i - 2*c, -c + 61987 = 3*i. Is i prime?
True
Let q(n) = n**3 + 18*n**2 + 18*n + 22. Let b be q(-17). Let p(s) = -70*s**2 - 3. Let v be p(b). Let a = v + 3264. Is a a composite number?
False
Suppose 4*r - c - 204602 = -10629, -4*r - 4*c + 193968 = 0. Is r a composite number?
True
Let k = -70 + 126. Let m be 210/k - (-1)/4. Suppose -3*w + 1920 = w + m*y, 990 = 2*w - 4*y. Is w a composite number?
True
Let i(c) = 503*c**2 + 175*c - 61. Is i(24) a prime number?
False
Suppose -30*s + 263*s - 597 = 4529. Is s composite?
True
Let u be ((-204)/(-10) - 3) + (-18)/(-30). Suppose -3*y = u*y - 235347. Is y a prime number?
False
Let s = -262 - -242. Is 7743/(-2)*(-4 + s/(-6)) a composite number?
True
Suppose -3*w + 5*v + 11 = 0, -1 - 1 = -2*w - 2*v. Suppose -148 = 2*u - 4*a - a, w*a - 349 = 5*u. Is u*(-1 - 10/(-15)) composite?
False
Let g be (19 - (-3)/1) + (0 - -3). Let x be 65748/20 - (85/g + -3). Let s = x + -2034. Is s a composite number?
True
Suppose -11*h + 37*h = 9*h + 850561. Is h a composite number?
False
Suppose 2*n + 31 = 25. Is 2596516/161 + n/7 composite?
False
Let f(q) = -9*q - 61. Let c be f(-7). Is 11029 - c - (28 + -28) composite?
False
Suppose -3*s = 5*y - 54, -3*y = -0*s - s - 38. Suppose -y*j + 9*j + 9 = 0. Suppose 5*d = -j*f + 3611, -5*f + 765 = 4*d - 2129. Is d a prime number?
False
Suppose q = -10 + 8, -15710 = -3*f + 4*q. Is f a composite number?
True
Let n = -1680 + 9751. Is n composite?
True
Suppose -57*x + 51*x = 56136. Let z = 24859 + x. Is z a prime number?
False
Suppose 26*l = 3732952 + 316054. Is l a prime number?
True
Is ((-993)/(-12))/(8 + 170457/(-21308)) prime?
False
Let p(j) = -19*j**3 + 59*j**2 - 5*j - 36. Is p(-11) a prime number?
False
Suppose 4*q = 106*w - 108*w + 134086, 0 = 5*q + 35. Is w composite?
False
Let l(i) = i**2 + 11*i + 30. Let q be l(-7). Suppose 2*t + 6 = 3*t - 4*d, -4 = 4*d. Suppose -t*a + a = q*b - 213, a = -3*b + 322. Is b a prime number?
True
Let o(t) = t**2 - t - 7. Let v be o(-3). Let z(a) = -2*a + 1. Let k be z(-1). Suppose 0 = 3*h - v*q - 2366, -h - h + k*q = -1577. Is h a prime number?
True
Let n(o) = o**2 + 3*o - 18. Let l be n(4). Let w(u) = 4*u**2 + 4*u - 2. Let d be w(l). Let t = d - -1156. Is t a prime number?
False
Is (-8)/(-52) + 2492835/(-78)*-2*1 a prime number?
False
Is ((-2)/(-10))/(36/(-132) + 10989892/40296190) composite?
False
Let z(h) be the third derivative of -h**6/120 + h**5/3 - 13*h**4/24 - 6*h**3 - h**2 + 6*h. Is z(14) a prime number?
False
Let d be (-16)/((1/(-312))/((-68)/102)). Let f = 5375 + d. Is f prime?
False
Let m(v) = v**2 + 37*v + 4. Let k be m(-37). Suppose -6*g = -4*g - 514. Let c = g - k. Is c composite?
True
Let t(h) = -17*h + 4 - 2 - 6 - 5. Let q = 175 - 179. Is t(q) a composite number?
False
Let t = 28085 - 18018. Suppose 37*c - 40290 = t. Is c prime?
True
Let u = -53020 + 91959. Is u a prime number?
False
Suppose 2*i + 3*i = 15. Suppose -3*o - 6234 = -i*q, -q = 2*q - 5*o - 6244. Suppose q = -z + 4*z. Is z a composite number?
False
Let d = -9236 - -36658. Let b = d + -8475. Is b a prime number?
True
Let z(k) = 570*k - 22. Let h be z(9). Suppose 2*v - 4*v - h = 0. Is v/(-2) + 0/(-1 - -5) prime?
True
Suppose -2*y = -3*x + 156198, x - 54920 + 2854 = 5*y. Is (-12)/(-8)*x/21 composite?
False
Let l = 6 + 15. Is 4422/l + 48/112 a prime number?
True
Suppose 53*s = 69*s - 912. Suppose -s*x = -52*x - 19495. Is x a prime number?
False
Suppose 0 = r, -9*m + 10*m = 4*r + 12. Let x(n) = 29*n**2 - 11*n - 65. Is x(m) a prime number?
False
Is 1/((-40)/(-1635170))*4 a composite number?
False
Let b(r) = r**3 + 4*r**2 - 12*r + 5. Let s be b(-6). Suppose -z - 329 = n - 1201, -s*z = n - 4380. Is z composite?
False
Suppose -192*d + 23406108 = -60*d. Is d a prime number?
True
Let n = 43 + -40. Let b be (n*(-526)/(-3))/(1 - -1). Suppose 2*c + 524 = 4*c + 5*v, 3*v - b = -c. Is c a composite number?
False
Let a(b) = -b**3 - 50 - 67*b - 27 - 30*b**2 + 59*b. Is a(-34) a prime number?
False
Suppose 0*q - x = -4*q + 64, 3*x = 3*q - 57. Let f be q + -12 - (-858 - 1). Let j = -309 + f. Is j a prime number?
False
Let y = -140469 + 219052. Is y composite?
False
Suppose -5*q + 85 - 10 = 5*y, 0 = -2*y + 4*q + 6. Suppose h = -3*x + 43458, -y - 1 = -4*h. Is x prime?
False
Suppose 4*j = -12, 0 = -4*q - 2*j - 194 - 216. Let s = 105 + q. Suppose 0 = s*i + 4*v - 2024, -v - 2 = 3. Is i a prime number?
False
Suppose f + 4680 + 1904 = -m, 13183 = -2*f + m. Let w = -4196 - f. Is w a prime number?
True
Let x(y) = 3*y**2 - 11*y + 12. Let w(a) = a**2 - 4*a + 4. Let v(z) = 8*w(z) - 3*x(z). Let r be v(-4). Is (557/(-4))/(6/r) a composite number?
False
Let f be 8/(-4)*(-17)/2. Let o be 20/30 - 116/(-6). Suppose -f*h = -o*h + 30. Is h composite?
True
Suppose -j - 2198 = 2*p, 26*p - 23*p = 2*j - 3311. Let b be 4/14 + (-3292)/7. Let n = b - p. Is n composite?
False
Suppose 5*g = 2*a - 96115, 3*a + 2*g - 144192 = 3*g. Is a a prime number?
False
Suppose -36915*y + 36871*y = -1280444. Is y prime?
True
Let b = 148276 - 37023. Is b prime?
True
Suppose -o + 2*b + 3710 = 0, -10*b + 6*b + 3734 = o. Let y = o - 265. Is y a composite number?
True
Let i(f) = -f**2 - 40*f - 396. Let l be i(-22). Let k(p) = p + 59 - 3*p**2 + p**2 - 3*p + p**3 + 3*p. Is k(l) a prime number?
True
Let i(p) = 1714*p**2 + 7*p + 29. Is i(10) a composite number?
True
Is 19/(380/12) + 5/((-25)/(-176932)) a prime number?
False
Is 3 + ((-6)/45 - -2*37244330/75) composite?
True
Let m(g) be the second derivative of g**4/12 + 3*g**3 - 20*g**2 + 2*g. Let a be m(-20). Suppose d + 1541 = 2*l, -l - d - 2*d + 760 = a. Is l prime?
True
Suppose -75*g = 224*g - 254079137. Is g composite?
False
Let b(c) = 530*c**3 - 2*c**2 - 8*c + 1. Is b(5) prime?
True
Let n = -35021 + 53860. Is n composite?
False
Suppose -5*b + 167*a = 166*a - 2851323, b - 570287 = 3*a. Is b a composite number?
True
Suppose -47*v + 37*v = -129430. Let i = v + -5148. Is i composite?
True
Let u(d) be the third derivative of -55*d**4/12 + 107*d**3/6 - 5*d**2 + 6. Is u(-9) prime?
True
Suppose 59377012 = 424*m + 32092571 - 128041175. Is m prime?
False
Let k = 1 + 4. Suppose 2*n + 5*m = 191, -2*m - m = 4*n - 417. Is k*n/4 - 4 a composite number?
False
Suppose -2*n = -5*f - 0 + 16, 5*f - 7 = -n. Suppose -6*m - 633 + 1779 = 0. Suppose m = 4*v + i, v + 3*i - 132 = -f*v. Is v composite?
True
Let i = 14098 - 3932. Suppose -3*n = i - 45395. Is n a composite number?
False
Suppose 356 - 368 = -2*u. Suppose 4*z + 329 = r, -3*r - u*z + 939 = -2*z. Is r a composite number?
False
Suppose -4*a = -3*c - 5*a + 8869, c - 2973 = 3*a. Let p = 8147 - c. Is p composite?
False
Suppose -9*w + 619736 + 3700867 = 0. Is w prime?
False
Suppose 144*x = 146*x - l - 84972, l - 42489 = -x. Is x a prime number?
True
Let k = -161171 + 596230. Is k a prime number?
True
Let t(y) = 6*y - 29. Let q be t(5). Is 0 - q - (-1176 - -6) composite?
True
Is (0 + 158/(-6))/((-156)/4064112) + -5 prime?
False
Suppose -g = 2*c + 2*c - 7, 3 = 3*c + 3*g. Suppose 0 = -3*l - c*i + 62, 5*l - 5*i = l + 52. Is (-6 - (-104)/l) + 23483/9 a composite number?
False
Let y = -6 + -21. Let g = -32 - y. Is ((-96)/40 - 2/g) + 693 a prime number?
True
Suppose -21*x = -38 + 101. Is (-3)/(-9)*x*1439/(-1) prime?
True
Suppose 69596 = 4*o + 5*j, -17399 = -o - j + 5*j. Is o composite?
True
Let z = -55226 + 84343. Is z composite?
True
Let x(s) = 1830*s - 67. Let m be x(18). Suppose 5299 = 6*p - m. Is p a composite number?
True
Let d = -64885 + 246974. Is d prime?
True
Suppose 4773*z - 681687 = 4764*z. Is z a prime number?
True
Suppose 9*r + 29 - 47 = 0. Let p(o) = 1919*o + 3. Is p(r) prime?
False
Let b be (-118215)/(-36) + (11/(-4) - -2). Let v = 3132 + b. Is v prime?
False
Suppose -5*k + 86 = 3*c, k - 7 = -3*c - c. Suppose -61 = 5*d + k. Let p = d - -53. Is p a prime number?
True
Suppose 12*n = 19*n + 378. Let u be 2 + 86/6 + 18/n. Suppose -11*x - 30 = -u*x. Is x a prime number?
False
Let q(v) = 12*v**2 - 14*v - 29. Let h(p) = -11*p**2 + 16*p + 29. Let n(i) = -5*h(i) - 4*q(i). Is n(12) a prime number?
True
Let q = 15 + -10. Suppose -q*z + 18 = -2. Is (1/z)/(-2 + (-3915)/(-1956)) a prime number?
True
Suppose -6 + 54 = 8*c. Let a(l) = 20*l**3 - 7*l**2 + 15*l + 19. Is a(c) composite?
False
Let m = 27804 + -7211. Is m composite?
False
Let a be 2/(0 + (-6)/10443).